Let u(l) = -4*l**2 - 7*l + 4*l + 7 + 8*l**2 - 3*l**2 + 0. Determine u(2).
5
Let m(d) = 2*d**2 - 8*d + 4. Suppose 0 = -2*j + 2, -5*t = 3*j + 2*j - 15. Suppose -t*f = 3*b - 8, 6*f + 25 = f. Give m(b).
28
Let u(x) = x**2 - 5*x + 1. Let l(p) = p**2 - p. Let i be (-20)/60 + (-5)/3. Let g = 5 + i. Let w be l(g). Determine u(w).
7
Let l be (24/(-28))/(6/(-28)). Suppose -4*n + l*q = -12, -n = -6*n - 2*q + 15. Let h(g) = 15*g**3 - 4*g - 7*g**2 - 3*g + 8*g**n - 3 - 24*g**3. Calculate h(-5).
-18
Let w(h) = 7*h - 3. Let u(o) = -o**3 - 33*o**2 - 43*o - 350. Let a be u(-32). Give w(a).
11
Let b = 2762 - 2755. Let n = 6 - 4. Let o(s) = s**3 + 6*s**n + 4*s**3 - 7 - 6*s**3 + 8*s. Give o(b).
0
Let c(j) = -13*j**3 + 38*j**2 - 32*j - 5. Let u(p) = 7*p**3 - 20*p**2 + 17*p + 2. Let i(n) = 6*c(n) + 11*u(n). Let b = 34 - 27. Calculate i(b).
6
Let t(j) = 4*j**2 + 2*j - 87. Let x be t(-15). Let y = x - 788. Let d(q) = -2*q**2 - 4*q + 2. Give d(y).
-28
Let m(b) = b**3 + 4*b**2 - 245*b - 500. Let f be m(-2). Let a(n) = 4*n**3 - 3*n**2 - 7*n - 5. Give a(f).
-35
Let u = 95 - 91. Suppose 0 = 4*n + 4*k - 12, -3*k = -5*n - u*k + 3. Suppose 0 = -4*h - 16, n = -5*q + q + 2*h + 28. Let b(w) = 2*w**2 - 11*w + 3. What is b(q)?
-2
Let v(q) = 6*q + 2699 + 0*q + 0*q + 2*q - 2686. Determine v(-2).
-3
Let x(u) = 12*u - 28*u + 14*u - 5. Let z be 5/((-65)/(-5) + -8 - 6). What is x(z)?
5
Suppose 4*y - 21 = -4*l + 15, -l = -18*y - 9. Let t(a) = 3*a**2 - 9*a - 1. Determine t(l).
161
Let a(p) = -p**3 - 14*p**2 - 22*p + 48. Suppose 84*q - 18 = 86*q - b, -2*q = 3*b + 42. Calculate a(q).
24
Let n be 18/(-33) + (-532)/(-209) + 6/(-1). Let c(k) = k**2 + 5*k + 6. What is c(n)?
2
Let l be 3*(-1 + 14/6). Let u(w) be the third derivative of -w**4/12 + w**3/6 - 32*w**2 - 2*w + 96. Calculate u(l).
-7
Let s(x) = 3*x**2 - 27*x - 2. Let k(g) = -2*g**2 + 23*g + 1. Let f(y) = -6*k(y) - 5*s(y). Determine f(-4).
-32
Let u = -148 - -140. Let g(p) = -5*p**2 - 11*p - 11. Let k(d) = 3*d**2 + 7*d + 7. Let v(j) = u*k(j) - 5*g(j). What is v(-4)?
19
Suppose 54 = -5*c + 24. Let t(r) = 2*r**3 - 5 - 6*r**2 + 2*r**3 + 3*r**3 - 12*r**3. Let q(w) = -w**2 - 1. Let h(f) = c*q(f) + t(f). What is h(-1)?
6
Let m be 1 + (-3 - -1) + (-16)/(-2). Suppose -63 - 7 = m*g. Let n(q) be the first derivative of -q**4/4 - 3*q**3 + 11*q**2/2 + 7*q + 6. What is n(g)?
-3
Let v(h) be the second derivative of h**4/12 + 13*h**3/6 - 5*h**2/2 - 1598*h. What is v(7)?
135
Let j(y) = 47*y - 54. Let r(u) = -62*u + 57. Let s(f) = 4*j(f) + 3*r(f). Give s(29).
13
Let h(y) = -84 - y + 62 + 29. Let i = 98 + -86. What is h(i)?
-5
Let r(v) be the first derivative of -2*v**3 + 3*v + 2*v**2 + 101 + 1/4*v**4. Let z = 0 - -5. Calculate r(z).
-2
Let j(d) be the first derivative of d**4/4 + 7*d**3/3 + 4*d**2 + 6*d + 797. Calculate j(-5).
16
Suppose 3*o + 3*u - 21 = 0, 2*o + u + 8 = 4*o. Suppose 5*j - 14 = 2*z + 9, 0 = z - 1. Let p(l) = -6*l - l + j - 3*l**2 + 4*l**2. Determine p(o).
-5
Let j(s) = 50*s - 51. Let f be j(1). Let l(i) = -13*i - 6. What is l(f)?
7
Let x(i) = -i - 12. Suppose -51*r - 6 = -48*r + 2*g, -g = 4*r + 18. What is x(r)?
-6
Let r = 13 - 8. Let v(i) be the second derivative of 0 - 1/3*i**3 + 3/2*i**2 - 10*i. Calculate v(r).
-7
Let s(v) = 3*v - 4 - 1 + 2*v. Let b(m) = -35*m + 1370. Let c be b(39). Give s(c).
20
Let z(d) be the first derivative of d**4 - d**3 + 3*d**2/2 + d - 1692. Determine z(2).
27
Let x(j) be the second derivative of 14*j**3/3 - 58*j**2 + 41*j + 12. Calculate x(4).
-4
Let u(a) be the second derivative of -5*a**3/6 - 20*a**2 - 4*a + 693. Determine u(-12).
20
Let n be 8/(-12) + 290/435. Let p(w) = 17 + w**2 - w**3 + w + 0*w**3 + 0*w**2. Calculate p(n).
17
Let p(m) = -2*m**2 - 13*m + 19. Let l(a) = 5*a + 42. Let o be l(-11). Let n(g) = g**2 + 6*g - 9. Let u(y) = o*n(y) - 6*p(y). Determine u(3).
-6
Let j = 274 + -271. Let i(w) = 2*w**2 + 8*w - 37. Let x be i(j). Let h(g) = g**3 - 5*g**2 - 5*g. Determine h(x).
-25
Let b(q) = -15779*q + 2*q**2 - q**2 - 28 + 15787*q. Calculate b(6).
56
Let d(a) = -263*a**3 - 6 + 5 - 13*a**2 + 257*a**3 + a + 13*a**2. Determine d(1).
-6
Suppose 0*p + p - 1115 = -4*g, -575 = -2*g + 3*p. Let u = g + -282. Let v(c) = -3*c**2 - 2*c - 3. Calculate v(u).
-11
Suppose 0 = -22*w + 34*w - 108. Let b(j) = w*j - 1 + 2*j**2 - 16*j - 7 - 3*j**2. Determine b(-4).
4
Suppose -5*v + 49 = 54. Let c be 18*(v + -2)*(-8)/12. Suppose c = -4*u + 32. Let k(f) = -10*f + 1. Give k(u).
11
Let h(z) = -z**3 - 13*z**2 - 12*z + 8. Suppose 77*x + 42 = -3*s + 79*x, 0 = 3*s + 3*x + 27. Give h(s).
8
Let m(g) be the third derivative of g**6/60 + 7*g**5/6 - 73*g**4/24 - 17*g**3/3 + 311*g**2. What is m(-36)?
2
Let r(v) = -11078*v + 55390. Let j be r(5). Let d(u) = 7*u**2 + 5*u + 1. Let y(o) = 11*o**2 + 8*o + 2. Let a(i) = -8*d(i) + 5*y(i). What is a(j)?
2
Let k(g) = -g**2 - 4*g + 4. Let c(t) = -t**2 - 24*t - 4. Suppose -6*a - 222 + 78 = 0. Let n be ((6 + -12)/6)/((-1)/a). Let b be c(n). Calculate k(b).
4
Let b(o) = -2*o**3 + 47*o**2 + 215*o - 16. Let f be b(-4). Let t(i) = i - 1. Let v(n) = n**2 - 3*n - 6. Let h(j) = -t(j) - v(j). What is h(f)?
-1
Let o(v) = v - 1. Let t(a) = 6*a - 3. Let h(g) = 9*o(g) - 2*t(g). Let n(b) = -16*b - 14. Let y(l) = -11*h(l) + 2*n(l). Suppose -x - 2 - 1 = 0. Calculate y(x).
2
Let b(p) = -108*p - 314. Let w be b(-3). Let i(v) be the second derivative of w*v + 0 + 1/6*v**3 + 11/2*v**2 + 1/12*v**4. Give i(0).
11
Let o = 128 + -129. Let y(k) be the second derivative of k**3/6 + k**2 + 267*k. Calculate y(o).
1
Let x = -730 - -733. Let i(y) = 8*y**3 - 6621 + 2*y**x + y**2 + 6620. Calculate i(1).
10
Let n(h) = -h**2 - h + 8. Let f(u) = -u**3 + 2*u - 1. Suppose -240 = -4*o + l - 1069, -2*o + 3*l = 407. Let i be 40/22 - 2 - o/176. Let v be f(i). What is n(v)?
8
Let f(c) = c - 9. Let p(r) = r**2 + 29*r - 43. Let g be p(-32). Suppose -6 = g*d - 54*d. What is f(d)?
-3
Let l(u) be the second derivative of 0 + 1/5*u**6 + 9*u - 1/24*u**4 + 0*u**3 + 0*u**5 + 9*u**2. Let p(x) be the first derivative of l(x). Give p(-1).
-23
Let l(p) = 2*p**3 - 111*p**2 + 977*p + 15. Let c be l(11). Let q(u) be the third derivative of -u**6/120 - 7*u**5/60 + u**3/2 - 2*u**2. Calculate q(c).
3
Let h(j) be the second derivative of 11*j**3/6 + 127*j**2/2 - 175*j + 13. Calculate h(-12).
-5
Let w be 8*(-1 - -1*2). Let i(m) be the second derivative of -2*m**3/3 + 6*m**2 + 976*m + 17. Calculate i(w).
-20
Let v(z) be the third derivative of z**4/12 - z**3/3 - 7*z**2. Let x(w) = 20 - 6*w + 18*w**2 - 6*w**2 - 13*w**2. Let c be x(-8). What is v(c)?
6
Let o(z) = 11*z + 7*z**2 - 5*z - 9*z**2 - 6. Let a be (-4 - 1) + 14 + 10 + -16. Give o(a).
-6
Let v(o) = -10*o - 27. Let c(y) = 23*y + 59. Let h(r) = 3*c(r) + 7*v(r). Calculate h(-14).
2
Let o(v) = v**2 + 10*v + 14. Let f be o(-9). Let x(i) = i**3 + 23 + f*i**2 + 0*i**3 + 32 - 74 + 21. Let b = -6 + 1. Give x(b).
2
Let r(c) = -c**2 + 3*c + 5. Let d(l) = 3*l + 1. Let s(n) = 2*n + 1. Let q(a) = 3*d(a) - 5*s(a). Let v be q(0). Let o be v + (40/7 - 12/(-42)). Give r(o).
1
Suppose -5*t + 152 = 172. Let k(s) = -30*s - 119. Determine k(t).
1
Let a = -12 - -12. Suppose a = 3*z - 3*k + 12, 3*z + 4*k - 24 = -z. Let m(p) = 26*p + 6. Let n(r) = -28*r - 7. Let s(i) = 6*m(i) + 5*n(i). Give s(z).
17
Let q(y) = 83*y + 1412. Let z be q(-17). Let c(n) = 2*n**3 + 4*n**3 - 1 + 2 + 2*n**2 - 2*n. Give c(z).
7
Let i(j) be the first derivative of -1/3*j**3 + 1/20*j**5 - 9/2*j**2 + 7/12*j**4 + 16*j + 2. Let d(k) be the first derivative of i(k). Determine d(-7).
5
Let k be -15*(1 - (-14)/(-10)). Let t(v) = 4*v**3 - 10*v**3 + 5*v**3 - v**2. Let n(j) = -8*j**2 + 6*j + 8. Let r(f) = n(f) - t(f). What is r(k)?
8
Let v(j) = 8 - 18 + 6 + 13*j + 2*j**3 - 14*j**2 - 3*j**3 - 36. Determine v(-15).
-10
Let v = 264 - 264. Let z(g) be the second derivative of 1/12*g**4 + v - 5/2*g**2 - 15*g + 5/6*g**3. Give z(-6).
1
Suppose -5*t - 6*k - 25 = -0*k, -2*t - 17 = k. Let v(l) = -l**2 - 3*l - 10. Give v(t).
-98
Suppose -13*i - 250 = -38*i. Suppose i*a = 153 - 73. Let m(k) = -k**2 + 11*k + 4. Give m(a).
28
Let g(s) = -7*s - 3. Let d(q) = 3*q + 1. Let j(x) = 5*d(x) + 2*g(x). Let w = -1979 + 1973. Calculate j(w).
-7
Let x(p) be the second derivative of p**3/6 + p**2 - p - 2. Let q(l) = 2*l + 3. Let r(y) = 2*q(y) - 3*x(y). Calculate r(-2).
-2
Suppose 5*n +